e units digit of u?
7
Let q = 3105 + -578. What is the units digit of q?
7
Suppose -15*j + 3*j + 1284 = 0. What is the tens digit of j?
0
Suppose 0 = -34*z + 49*z + 900. Let r be -6*(0 + 100/6). Let a = z - r. What is the tens digit of a?
4
Let a(x) = -x**3 + 11*x**2 - 5*x + 3. Let i be a(10). Let r = -38 + 9. Let w = i + r. What is the tens digit of w?
2
Let q(t) = -37*t**3 + 3*t**2 + 3*t - 2. What is the thousands digit of q(-3)?
1
Let j be -4 + (31/1 - -2). Let s = j - 24. Suppose -s*n = 5*q - 300, -n + 3*q + 100 = n. What is the tens digit of n?
5
Suppose -4*r + 6524 = 1344. What is the tens digit of r?
9
Let g = 12 + -10. Suppose -456 = q + g*q. Let u = -99 - q. What is the tens digit of u?
5
Let q = -3 - -95. Let o = -324 - -327. Suppose -q = -o*s - 14. What is the units digit of s?
6
Let j = 386 + 374. What is the units digit of j?
0
Suppose 0 = 3*w + 16*w - 7638. What is the hundreds digit of w?
4
Let f = -68 - -73. Suppose -f*s - 5*z + z = -982, -4*s + z = -794. What is the units digit of s?
8
Let k(j) = j**2 - j - j + j**3 + 46 + 19 + 12. What is the units digit of k(0)?
7
Let w be 4/(-18) - 2595/54*-4. Let j(l) = l + 2. Let o be j(-4). What is the units digit of (o/(-4))/(4/w)?
4
Suppose 5 = r - 3*h, 3*h - 32 = -5*r - 7. Let i(d) = 47*d - 1. Let y be i(1). Suppose -r*u = -3*u - y. What is the units digit of u?
3
Suppose 71267 + 7735 = 19*t. What is the tens digit of t?
5
Let h(u) = -u**3 + u**2 + 3*u + 33. Let c(x) = x**3 + 13*x**2 + 11*x - 12. Let d be c(-12). What is the tens digit of h(d)?
3
Let i(b) = -88*b + 50. What is the hundreds digit of i(-6)?
5
Suppose 0 = -3*p + 2*d + 1503 + 4618, -p - 3*d + 2055 = 0. What is the tens digit of p?
4
Let m(k) = 42*k - 3. What is the hundreds digit of m(7)?
2
Suppose 4*l - 20 = -4. Let z = 5 + l. Suppose -89 = -4*h - z. What is the tens digit of h?
2
Let u(z) = -z**3 + 21*z**2 - 24*z - 23. What is the units digit of u(19)?
3
What is the hundreds digit of 1/(-5) + 2151860/425?
0
Let f(s) = s**2 + s. Let m be f(-2). What is the tens digit of m/(-16) + (-8125)/(-104)?
7
Let k be 0/(-1) + (-90)/(-5). Let l = -13 + k. Suppose 4*j - 14 = -5*f, 5*f = 3*j + f + l. What is the units digit of j?
1
Suppose 7 = -u - 2. Let c(m) = 28*m. Let d be c(u). What is the tens digit of d/(-10) - 3/15?
2
Suppose -i = 5*o - 23, 3*i - o = 2*o + 51. Let b = i - 13. What is the units digit of (4/b)/((-4)/(-40))?
8
Let k(j) = 43 - 4*j - 2*j + 7*j + 0*j. What is the tens digit of k(23)?
6
Suppose -z + 146 = 42. What is the units digit of z?
4
Suppose 0 = -3*w + 33 + 3. Let i = 22 - w. Suppose -224 = -i*y + 3*y. What is the tens digit of y?
3
Suppose -1106*m + 1096*m + 27220 = 0. What is the tens digit of m?
2
Suppose -7*l - 170 - 75 = 0. Let o = l - -78. What is the units digit of o?
3
Let u(m) = -50*m + 216. What is the thousands digit of u(-25)?
1
Let w = 37 - 70. Let i be 6/4*(-44)/w. Suppose -i*s + 2*b + 76 = 0, 3*b = 2*s - 0*b - 72. What is the tens digit of s?
4
Let p = -22 + 40. Suppose p + 15 = h. What is the tens digit of h?
3
Let d(y) = -y**3 - 6*y**2 - y + 1. Let k be d(-6). Let c(g) = -g**3 + 7*g**2 + 8*g + 3. What is the tens digit of c(k)?
5
Let g = -59 + 107. Suppose -x = -g - 4. What is the units digit of x?
2
Let k(t) = 2*t**2 + 4*t + 2. Let x be k(-5). Suppose 3*f - 3*n = 249, 0 = -5*f + n + 463 - x. What is the tens digit of f?
8
Suppose -2*k = -2*o + 12 - 0, -3*k - 2 = 5*o. What is the units digit of 2 + 0/k + 56?
8
Let p = -184 + 269. Suppose 49*g - p = 48*g. What is the tens digit of g?
8
Let h(c) = -9*c**3 - 6*c**2 - c + 29. What is the units digit of h(-4)?
3
Let s = -16 - -12. Let p be -6*((-10)/s + -3). Suppose -p*t + w + 39 = -2*t, -3*w = 3*t - 93. What is the units digit of t?
5
Let q(k) = -k**2 - 3*k + 9. Let u be q(-4). Suppose -u*r + 662 = -373. What is the units digit of r?
7
Let g(l) = 636*l - 104. What is the hundreds digit of g(6)?
7
Suppose 0 = 17*s - 2209 - 35. What is the tens digit of s?
3
Suppose 0 = f - 4*f + 312. Let q(h) = -h**3 + 6*h**2 - 5*h + 2. Let t be q(5). Suppose 0 = 2*o + t*o - f. What is the tens digit of o?
2
Let s(h) = -h**3 + 8*h**2 - 10*h + 5. Let c(t) = -t**2 - 16*t - 8. Let i be c(-15). Let b be s(i). Let y = 44 - b. What is the tens digit of y?
6
Let z = 1006 + -707. What is the hundreds digit of z?
2
Let x(l) = 617*l**2 - 45*l + 44. What is the hundreds digit of x(1)?
6
Let q(w) = -11*w - 11. Let y(h) = 6*h + 5. Let a(m) = 4*q(m) + 7*y(m). Let t be (6/(-9))/2 + (-46)/6. What is the units digit of a(t)?
7
Let f(a) = -49*a - 361. What is the thousands digit of f(-42)?
1
What is the units digit of 1/7 + 5256/7?
1
Suppose -5*g - 33 + 1133 = 0. What is the tens digit of g?
2
Let o = 28 - 24. Suppose -o*s - 3*f = -f - 166, 5*s - 5*f = 200. What is the units digit of s?
1
Suppose 0 = -3*y + 4*c + 3 + 1, c = -2*y - 1. Suppose y = -2*k - 2*n - 5 - 3, -2*n = 8. Suppose k = a - 5 - 25. What is the units digit of a?
0
Let q = -837 - -2430. What is the tens digit of q?
9
Suppose -3*c + 3*q - 30 = 0, -2*c + q = -0*c + 16. Let a be -2*(-3)/(-6)*-576. What is the tens digit of a/28 + c/(-14)?
2
What is the hundreds digit of (-69105)/(-425) + 4/10?
1
Suppose 0 = -3*f - 4*b + 3166, -4*b = f + 373 - 1423. What is the hundreds digit of f?
0
What is the hundreds digit of (-220)/2*15/6*-3?
8
Let h = 101 - 145. Let u = 26 + h. Let i = u - -77. What is the tens digit of i?
5
Let r = -48 - -63. What is the tens digit of 146/((-45)/(-25) + 3/r)?
7
Let n(y) be the first derivative of -y**4/4 + 2*y**2 + 38. What is the tens digit of n(-4)?
4
Let f = 162 - -194. What is the hundreds digit of f?
3
Let z(k) = k + 17. Suppose 0 = -5*d + 3*m + 46, -22 = 5*d - 2*m - 66. Let c(l) = -l**3 + 8*l**2 + 3*l - 18. Let o be c(d). What is the units digit of z(o)?
3
Suppose 2*o = -2*k + 1210 + 562, -5*o = -3*k + 2666. What is the hundreds digit of k?
8
What is the tens digit of ((4 - 6) + -1)*-198?
9
What is the units digit of (255/(-9))/((-13)/468)?
0
Let u(g) = g**3 + g**2. Let p be u(-1). Suppose 3*d = -0*d - q + 303, -d + q + 97 = p. What is the hundreds digit of d?
1
Suppose 6*z + 6*z = 11664. What is the units digit of z?
2
Suppose -2*n = -t - 0*t + 12, -5*t - 2*n = -12. Suppose -4*i - 3*r + 32 + t = 0, 12 = 3*r. Suppose i*o - 4*o = w, -5*o + 5 = 0. What is the units digit of w?
2
What is the units digit of -6*(-105 + -4 + -1)?
0
Let d(m) = 2*m**2 - 21*m + 12. Let s(n) = n**2 - n + 1. Let g(c) = -d(c) + 4*s(c). What is the units digit of g(-11)?
7
Suppose -5*l = -5*y + 415, 4*l - 270 = -4*y + 102. Let d = -56 + y. What is the units digit of d?
2
Let c = 28 + 635. What is the tens digit of c?
6
Let h(x) = 32*x**2 + 70*x - 17. What is the hundreds digit of h(9)?
2
What is the hundreds digit of 2 - (-4 + -1)/(-5)*-226?
2
Suppose m - 6*m + 555 = 3*d, d - 2*m - 174 = 0. What is the units digit of d?
0
Let v(i) = -109*i - 33. What is the tens digit of v(-1)?
7
Let q(b) = -2*b + 22. Suppose -3*k - 8 = 22. Let m = k - -17. What is the units digit of q(m)?
8
Let t be (0 + -1)/(15/(-525)). Suppose 0 = -39*s + t*s + 536. What is the tens digit of s?
3
Let k(w) = 2*w**2 + 14*w + 35. What is the units digit of k(-12)?
5
What is the hundreds digit of (-80)/8 - -428 - (-1 + -1)?
4
Let b(p) = -2*p**3 - 4*p**2 - 5*p - 4. Let m = 36 + -40. What is the tens digit of b(m)?
8
Let v be -1*7*8/(-28). What is the tens digit of 1694/26 + v/(-13)?
6
Let r = -143 - -1446. What is the thousands digit of r?
1
Let q = 566 - 138. What is the tens digit of q?
2
Let z = 916 - 482. What is the hundreds digit of z?
4
Suppose -2*n = -3*s - 222, -2*s - 106 = -n - 3*s. Suppose -2*v = -5*q + 9, -15*q = 3*v - 18*q. Suppose v*f = 6*f - n. What is the units digit of f?
6
Let f(i) = -8*i + 7. Suppose 7 = b + 3. Suppose -u = b - 1. What is the tens digit of f(u)?
3
Let r = -22 - -34. Let u = 52 + -88. What is the tens digit of (r/(-18))/(1/u)?
2
Let w(l) = -l**2 + 2. Let x be w(-2). What is the units digit of ((-11)/22)/(x/232)?
8
Let o = -153 + 242. Let a = -41 + o. Suppose -3*x - a = -120. What is the units digit of x?
4
Suppose 0 = 3*w - 7 + 1. Let r be w/3 + 8/(-3). What is the units digit of r/(-3) - 57/(-9)?
7
Suppose f - 189 = 4*g + g, 5*f - g = 825. What is the hundreds digit of f?
1
Let m = 119 - 175. Let y be ((-86)/(-301))/